 prime factors of t?
19259
Suppose -237*p - 66 = -239*p. Let c(u) = -2*u**3 + u**2 - 3*u + 3. Let r be c(-3). Suppose r = n - p. List the prime factors of n.
2, 3
Let i(o) = o + 1. Let x(b) = -b**3 + b**2 + b - 7. Suppose 3 = 4*y + 3*n - 1, 0 = n. Let g(m) = y*x(m) + 4*i(m). What are the prime factors of g(-4)?
3, 19
Let a be ((-5 - 2) + 2)*(6 - 7). Suppose 5 = 2*n - a. Suppose g - 5*q = 135, -n*q + 341 = 3*g - 4*q. What are the prime factors of g?
5, 23
List the prime factors of (39 - (-1 + 3))*(-22 - -259).
3, 37, 79
Let q(a) = -117*a - 273. Let k be q(9). Let u = k + 1877. What are the prime factors of u?
19, 29
Suppose 2*c = -5 - 5. Let b be (4/4)/(c/(-115)). Suppose 4*o - y = -2*y + 43, 4*o - b = -5*y. List the prime factors of o.
2, 3
Let g(c) be the first derivative of -c**5/30 + 5*c**4/24 + 10*c**3/3 - 2. Let h(b) be the third derivative of g(b). List the prime factors of h(-5).
5
Let m be ((-4)/(-10))/(-9 + 1507/165). Suppose -h + 954 = c + 3*h, h - 2906 = -m*c. What are the prime factors of c?
2, 5, 97
Let z(l) = -218*l + 5. Let q(f) = -f + 2. Let t(x) = -4*q(x) + z(x). List the prime factors of t(-1).
211
Let i(r) = 716*r - 41. Let z be 2 + -1 - (-27 + 26). List the prime factors of i(z).
13, 107
Suppose -5065 = 25*k - 30*k. Let p = k - -247. Suppose 0 = -7*r - 5*r + p. List the prime factors of r.
3, 5, 7
What are the prime factors of (-14)/84 - (148745/(-30) - 6)?
2, 17, 73
Suppose k + 4*f = -0*f - 80, -3*k - 200 = 2*f. Let q = 1384 - k. What are the prime factors of q?
2, 181
Let x be (5/(-2))/(-5 + 54/12). Suppose 6*p - 3*p - 317 = -2*n, -2*p + 226 = x*n. List the prime factors of p.
103
Let g = -262 + 266. What are the prime factors of 26/g*(5 + -1)?
2, 13
Let x = -49 - -43. Let d(s) = s**3 + 10*s**2 - 9*s - 15. List the prime factors of d(x).
3, 61
Suppose -f + 628 + 93 = 0. Suppose 3*g - 3653 = f. What are the prime factors of g?
2, 3
Let u = 458 - 456. Suppose 0 = u*j + 2*d - 1638, 9*j - 6*j - 2451 = -d. List the prime factors of j.
2, 3, 17
Let j = 4169 - 897. Suppose 0 = 3*p - b - j, -1 = b - 2. What are the prime factors of p?
1091
Suppose -3*g = -2*l - 27988, -54*g + 2*l = -55*g + 9332. List the prime factors of g.
2, 3, 5, 311
Suppose 0 = -7*c + 2*c + 5*p + 124370, -74622 = -3*c - 2*p. What are the prime factors of c?
2, 12437
Suppose 2*o + 8 = i, 3*i - 15 = -0*i + 3*o. Suppose 3*r = -4*p + 3559, -i*p + 1775 = -0*r - 3*r. List the prime factors of p.
7, 127
Let h(z) be the second derivative of -58*z**5/5 + z**4/12 + z**2/2 - 4*z + 4. What are the prime factors of h(-1)?
2, 3, 13
Let j = 69623 - 16781. List the prime factors of j.
2, 3, 8807
Let r(x) be the first derivative of -3*x**4/2 - 4*x**3/3 + 9*x**2/2 - 28*x + 102. List the prime factors of r(-6).
2, 5, 107
Let y(t) = -t**2 + 6*t + 12. Let p be y(8). Let r(l) = -31*l. Let u be r(p). Suppose -2*q + 2 = 12, u = x - q. What are the prime factors of x?
7, 17
Suppose -368*c + 2462449 = -7688463. What are the prime factors of c?
2, 431
Let l = 36500 + -21692. Suppose -15*d + l + 642 = 0. What are the prime factors of d?
2, 5, 103
Let o(u) = -14*u**3 + 10*u**3 - 1 + u**2 + 5*u**3. Let c(s) = 5*s**3 + 5*s**2 - 2*s - 4. Let i(y) = c(y) - 3*o(y). What are the prime factors of i(2)?
19
Suppose -5*t + 7*t - v - 2258 = 0, 0 = -3*v - 12. Suppose 19557 - t = 10*f. What are the prime factors of f?
19, 97
Let z(j) = -164*j + 31. Let t(x) = 327*x - 63. Let u(a) = 3*t(a) + 5*z(a). List the prime factors of u(3).
449
Let m = 4609 - -4626. List the prime factors of m.
5, 1847
Let w be 6/(-10) + (-221)/65. Let z(c) = -191*c + 85. What are the prime factors of z(w)?
3, 283
Suppose z + 2251 - 549 = 2*t, 2*t - 2*z - 1708 = 0. What are the prime factors of t?
2, 53
Let w(x) = 5*x**3 + 32*x**2 - 296*x + 13. What are the prime factors of w(11)?
2, 3, 607
What are the prime factors of ((-66)/(-132))/(54542/54541 + -1)*2?
54541
What are the prime factors of (64/(-10))/((-103)/146260)?
2, 71
Let r(g) = -28*g + 164. Let v be r(13). What are the prime factors of (960/v)/(6/(-400))?
2, 5
Suppose 30*r = -8*r + 1140. What are the prime factors of (-8 + r/5)*164/(-2)?
2, 41
Suppose 4*n = 5*v - 14, 4*n + 0*n + 3*v - 2 = 0. Let z(g) be the second derivative of -17*g**3/2 + g**2 + 239*g. List the prime factors of z(n).
53
Let x = 7708 - 142. List the prime factors of x.
2, 3, 13, 97
Let u(s) = -117*s**3 - s**2 - 2*s + 2. Let z be u(1). Let v = -117 - z. Let a = v + 75. What are the prime factors of a?
2, 19
Let i(y) = 17*y**2 - 149*y + 10. List the prime factors of i(27).
2, 5, 419
Let o be (-2)/(-1) - (-12)/6. Suppose 137 = z + o*q + 25, 4*z - 5*q = 511. What are the prime factors of z?
2, 31
Suppose -1256*q = -1201*q - 619960. What are the prime factors of q?
2, 1409
Let s(w) = 615*w + 6359. What are the prime factors of s(47)?
2, 19, 29
Suppose 109373 + 47727 = 4*g + 2*m, -4*m = -8*g + 314264. List the prime factors of g.
3, 13093
Suppose 2*k = -10 + 20, 2*c - 3*k - 2749 = 0. Let g = -529 + c. List the prime factors of g.
853
Suppose 0 = -3*o - 2*x + 16475, -2*o + 6980 = -x - 3994. List the prime factors of o.
11, 499
Suppose 39*f + 638838 = 148*f - 937738. List the prime factors of f.
2, 113
Let b(t) = 2*t**3 - 3*t**2 + 2*t - 7. Suppose 0 = 3*f + 2*k - 19, -3*f - k - 8 = -4*f. What are the prime factors of b(f)?
2, 3, 7, 13
Let k(c) = -4*c**2 + 29*c + 24. Let m be k(8). Suppose 2*y - 29*t + 24*t - 896 = m, y - 3*t - 449 = 0. List the prime factors of y.
443
Let r = -144 - -149. Suppose -a - 2*j = -836, r*a + j = 2580 + 1609. What are the prime factors of a?
2, 419
Suppose 2*w + 810 = 8*w. Suppose -3*q = -w - 129. List the prime factors of q.
2, 11
Let v = 73933 + -24243. What are the prime factors of v?
2, 5, 4969
Suppose -24*d + 27*d = 6. Suppose 2*t = d*w - 3*t - 10, -5*t = 5*w - 25. Suppose -w*p + 3*f = -559 - 161, 5*f = 3*p - 448. What are the prime factors of p?
3, 47
Let q(i) = -171*i + 312. List the prime factors of q(-8).
2, 3, 5, 7
Suppose 5*z - 27 - 2713 = 0. Suppose -u - y = -3*u + z, -271 = -u - y. List the prime factors of u.
3, 7, 13
Let r = 10 + -7. Let q(z) be the third derivative of z**6/60 - z**5/30 + z**4/12 + 2*z**3/3 + 210*z**2. What are the prime factors of q(r)?
2, 23
Suppose 238*a - 12903424 + 10150504 - 14340716 = 0. List the prime factors of a.
2, 35911
Let k(m) = 7*m**2 - 12*m - 14. Let s be k(-1). What are the prime factors of -3 + 1211 + (3 + -2 - s)?
2, 7, 43
Suppose 24*v - 8*v + 32 = 0. List the prime factors of v*(5391/6)/(9 + -12).
599
Let g(o) = o + 22. Let m be g(-20). Suppose -q - 4*v = m*q - 4, -4*q = -3*v + 3. Suppose q = 6*h - 433 - 353. What are the prime factors of h?
131
Let k = 133879 - 68997. What are the prime factors of k?
2, 32441
Let p(c) = -62*c**3 - c**2 - c. Let t be (3/2 - 0)*(-40)/(-15). Let k(x) = -x**3 + 4*x**2 - x + 3. Let m be k(t). List the prime factors of p(m).
2, 31
Let y(z) = 420*z**2 - 77*z + 784. List the prime factors of y(10).
2, 7, 3001
Suppose -5*d + 19849 = 6*k - 2*k, 2*k = -5*d + 9937. Suppose 37*i - k = 33*i. What are the prime factors of i?
3, 7, 59
Let b = 326 + -90. Suppose 262 - b = l. List the prime factors of l.
2, 13
Let u(z) = -2*z**2 - 261*z + 14. Let x be u(0). Let r(b) be the second derivative of b**4/4 - 11*b**3/2 + 25*b**2/2 - b. List the prime factors of r(x).
151
Suppose -10*n - 21 = 9. Let w(x) = 76*x**2 - 8*x + 4. Let o be w(n). Suppose 5*u - 268 = o. What are the prime factors of u?
2, 7
Let y be ((-1585)/(-3))/(7 + 66/(-9)). What are the prime factors of (259/(-35) - -7)*y?
2, 317
Suppose 1970 = 8*f - 1366. Let k = f + -217. List the prime factors of k.
2, 5
Let c(x) = x**2 - x. Let l(h) = -h**3 + 11*h**2 - 24*h - 23. Let j(z) = -6*c(z) + l(z). List the prime factors of j(-6).
13, 37
Let v be 1/(-6)*4*150/(-20). Suppose 0 = 19*b + v*b - 24336. What are the prime factors of b?
2, 3, 13
Suppose 106*f = 95*f + 222453. List the prime factors of f.
3, 7, 107
List the prime factors of (-1 - 3)*(45 - 427570/184).
5, 1823
Let d be (1/2)/(2/((-120)/2)). Let n be 6*(d/(-6) + -2). Suppose q - 2*q + 9 = 3*h, 77 = n*q - h. List the prime factors of q.
2, 3
Suppose -27*v - 720 = -22*v. Let m be (0 + (-46)/8)*-36. Let o = v + m. What are the prime factors of o?
3, 7
Suppose 16112*p - 16099*p - 44434 = 0. List the prime f